 4354876 is divided by 30?
16
What is the remainder when 97171 is divided by 44980?
7211
What is the remainder when 9799225 is divided by 554?
73
What is the remainder when 35889884 is divided by 3?
2
What is the remainder when 587992 is divided by 980?
972
Calculate the remainder when 184708929 is divided by 11282.
25
What is the remainder when 16685168 is divided by 8342524?
120
Calculate the remainder when 144774357 is divided by 43.
22
What is the remainder when 10915 is divided by 10622?
293
Calculate the remainder when 1154196 is divided by 1733.
18
Calculate the remainder when 563158 is divided by 10438.
9944
Calculate the remainder when 9807536 is divided by 9807490.
46
Calculate the remainder when 519451 is divided by 258825.
1801
What is the remainder when 278484525 is divided by 92828169?
18
What is the remainder when 17984705 is divided by 214103?
53
What is the remainder when 35788809 is divided by 13389?
12
Calculate the remainder when 19881092 is divided by 903686.
0
Calculate the remainder when 24159116 is divided by 1384.
12
Calculate the remainder when 238545510 is divided by 203.
7
What is the remainder when 244327 is divided by 4002?
205
What is the remainder when 208630 is divided by 964?
406
What is the remainder when 73873480 is divided by 17?
14
What is the remainder when 7108507 is divided by 253?
219
Calculate the remainder when 25863184 is divided by 532.
4
What is the remainder when 49648 is divided by 580?
348
Calculate the remainder when 223221175 is divided by 171.
169
Calculate the remainder when 1111443 is divided by 136.
51
Calculate the remainder when 1047632 is divided by 5257.
1489
Calculate the remainder when 896290 is divided by 660.
10
What is the remainder when 148309557 is divided by 15?
12
What is the remainder when 1873097 is divided by 870?
857
What is the remainder when 174125197 is divided by 263?
261
Calculate the remainder when 13316 is divided by 194.
124
What is the remainder when 2351450 is divided by 7213?
12
Calculate the remainder when 9151695 is divided by 25.
20
What is the remainder when 229733 is divided by 2397?
2018
What is the remainder when 6389247 is divided by 327?
321
Calculate the remainder when 14820307 is divided by 41.
37
What is the remainder when 451208819 is divided by 37?
35
Calculate the remainder when 391830 is divided by 193030.
5770
What is the remainder when 23810877 is divided by 51?
48
Calculate the remainder when 239188 is divided by 7044.
6736
Calculate the remainder when 3476967 is divided by 75586.
11
What is the remainder when 3323181 is divided by 1047?
3
Calculate the remainder when 848625 is divided by 39.
24
Calculate the remainder when 197620860 is divided by 1077.
1053
Calculate the remainder when 12987188 is divided by 594.
566
Calculate the remainder when 18712 is divided by 4408.
1080
What is the remainder when 206034 is divided by 132?
114
Calculate the remainder when 384215 is divided by 902.
865
Calculate the remainder when 40330774 is divided by 1086.
1078
What is the remainder when 1747931385 is divided by 3396?
3393
Calculate the remainder when 69036349 is divided by 97.
91
What is the remainder when 70604668 is divided by 395?
393
Calculate the remainder when 646174099 is divided by 4382.
4379
Calculate the remainder when 218666 is divided by 484.
382
What is the remainder when 532268 is divided by 942?
38
Calculate the remainder when 33190420 is divided by 278911.
11
Calculate the remainder when 5043012 is divided by 2521500.
12
What is the remainder when 1091503 is divided by 218299?
8
What is the remainder when 334414 is divided by 167110?
194
Calculate the remainder when 114205 is divided by 351.
130
Calculate the remainder when 390991 is divided by 1127.
1049
Calculate the remainder when 919670 is divided by 114662.
2374
What is the remainder when 237665 is divided by 1044?
677
Calculate the remainder when 5476590 is divided by 642.
330
Calculate the remainder when 1951948 is divided by 178.
0
What is the remainder when 329065 is divided by 458?
221
What is the remainder when 127505 is divided by 63220?
1065
What is the remainder when 1297714 is divided by 24955?
54
What is the remainder when 736195 is divided by 428?
35
What is the remainder when 281316 is divided by 589?
363
Calculate the remainder when 875462 is divided by 379.
351
What is the remainder when 27892 is divided by 653?
466
What is the remainder when 336268 is divided by 1683?
1351
What is the remainder when 22552 is divided by 27?
7
What is the remainder when 2964316 is divided by 31533?
214
What is the remainder when 11244 is divided by 2197?
259
Calculate the remainder when 8779111 is divided by 244.
235
Calculate the remainder when 3157250 is divided by 1052049.
1103
What is the remainder when 91311 is divided by 117?
51
What is the remainder when 1750457839 is divided by 10?
9
Calculate the remainder when 1707396544 is divided by 4433.
4429
What is the remainder when 50309 is divided by 873?
548
Calculate the remainder when 231173 is divided by 3404.
3105
What is the remainder when 125235 is divided by 13225?
6210
What is the remainder when 281629 is divided by 547?
471
What is the remainder when 18827158 is divided by 935?
933
Calculate the remainder when 341164274 is divided by 5623.
5618
Calculate the remainder when 4951728 is divided by 707389.
5
What is the remainder when 128761 is divided by 127288?
1473
Calculate the remainder when 105984968 is divided by 3689.
3687
Calculate the remainder when 1462758 is divided by 23.
4
What is the remainder when 91119 is divided by 118?
23
What is the remainder when 22443 is divided by 5543?
271
What is the remainder when 144127 is divided by 1121?
639
Calculate the remainder when 133218935 is divided by 127.
126
Calculate the remainder when 233016 is divided by 4076.
684
What is the remainder when 831662 is divided by 288?
206
Calculate the remainder when 426711 is divided by 5.
1
Calculate the remainder when 3514509 is divided by 807.
24
What is the remainder when 907922 is divided by 453607?
708
Calculate the remainder when 84771759 is divided by 80735.
9
What is the remainder when 1230818 is divided by 139?
112
What is the remainder when 562506 is divided by 3430?
3416
Calculate the remainder when 35146 is divided by 512.
330
Calculate the remainder when 316330 is divided by 1110.
1090
What is the remainder when 12809 is divided by 11606?
1203
What is the remainder when 3043701 is divided by 24?
21
Calculate the remainder when 51652118 is divided by 423378.
2
What is the remainder when 691860 is divided by 345822?
216
What is the remainder when 3148156 is divided by 9932?
9644
What is the remainder when 1219052 is divided by 187?
186
Calculate the remainder when 63439 is divided by 62618.
821
What is the remainder when 4710489 is divided by 119?
112
What is the remainder when 5345 is divided by 1719?
188
What is the remainder when 19407345 is divided by 2827?
2817
Calculate the remainder when 39646791 is divided by 2026.
2023
Calculate the remainder when 1232244 is divided by 180.
144
Calculate the remainder when 3493448 is divided by 62.
58
Calculate the remainder when 136615735 is divided by 887.
882
What is the remainder when 2161816 is divided by 15012?
88
Calculate the remainder when 914021 is divided by 76140.
341
Calculate the remainder when 104222810 is divided by 8678.
30
Calculate the remainder when 5207636 is divided by 89.
68
Calculate the remainder when 895191 is divided by 138.
123
What is the remainder when 1902673 is divided by 2212?
353
Calculate the remainder when 269548826 is divided by 16.
10
What is the remainder when 1360225 is divided by 23452?
9
What is the remainder when 30697187 is divided by 1534859?
7
What is the remainder when 118475 is divided by 58781?
913
Calculate the remainder when 11107463 is divided by 3702474.
41
What is the remainder when 32355 is divided by 5366?
159
What is the remainder when 15072 is divided by 3272?
1984
Calculate the remainder when 2388282 is divided by 157.
155
Calculate the remainder when 19893755 is divided by 23.
20
What is the remainder when 12049142 is divided by 1443?
92
What is the remainder when 2854693 is divided by 951559?
16
Calculate the remain